{"id":408,"date":"2021-06-29T12:47:05","date_gmt":"2021-06-29T10:47:05","guid":{"rendered":"https:\/\/amandes-et-cie.com\/?post_type=product&#038;p=408"},"modified":"2023-11-27T11:00:05","modified_gmt":"2023-11-27T10:00:05","slug":"financier-cacao-chocolat-grand-format","status":"publish","type":"product","link":"https:\/\/amandes-et-cie.com\/index.php\/product\/financier-cacao-chocolat-grand-format\/","title":{"rendered":"Financier 100% Cacao grand format par 6"},"content":{"rendered":"<p style=\"text-align: left;\">INGREDIENTS : <strong>Amande \u00e9mond\u00e9e, beurre,<\/strong> sucre, farine (<strong>gluten<\/strong>), <strong>blanc d&rsquo;oeuf, <\/strong>poudre de cacao d\u00e9graiss\u00e9e, gru\u00e9 de cacao\u00a0 &#8211;\u00a0 <em>(allerg\u00e8nes en <\/em><strong><em>gras<\/em><\/strong><em>) <span style=\"color: #ffffff;\">financier s\u00e9same<\/span><\/em><strong><br \/>\n<\/strong><\/p>\n<p style=\"text-align: left;\">Poids net environ 35 g par pi\u00e8ce<\/p>\n<p style=\"text-align: left;\">Calories environ 190 kcal par pi\u00e8ce<\/p>\n<p style=\"text-align: left;\">Conservation recommand\u00e9e dans une bo\u00eete m\u00e9tallique<\/p>\n","protected":false},"excerpt":{"rendered":"<p>Financier au <a href=\"https:\/\/amandes-et-cie.com\/index.php\/financier-chocolat-noisett\/\"><strong>chocolat avec poudre et gru\u00e9 de cacao<\/strong><\/a>. Les \u00e9clats de f\u00e8ve apportent du croquant et un go\u00fbt puissant lors de la d\u00e9gustation.<\/p>\n<p>Le format traditionnel (35g) permet de partager ce biscuit moelleux&#8230; ou de faire un petit exc\u00e8s de gourmandise !<\/p>\n<p>&nbsp;<\/p>\n<p>Prix par 6 hors exp\u00e9dition<\/p>\n<p>&nbsp;<\/p>\n","protected":false},"featured_media":380,"comment_status":"closed","ping_status":"closed","template":"","meta":[],"product_brand":[],"product_cat":[18,32],"product_tag":[],"class_list":{"0":"post-408","1":"product","2":"type-product","3":"status-publish","4":"has-post-thumbnail","6":"product_cat-financier","7":"product_cat-cacao","8":"product_shipping_class-moins-de-1kg-brut","10":"first","11":"instock","12":"taxable","13":"shipping-taxable","14":"purchasable","15":"product-type-simple"},"yoast_head":"<!-- This site is optimized with the Yoast SEO plugin v21.2 - https:\/\/yoast.com\/wordpress\/plugins\/seo\/ -->\n<title>Financier 100% Cacao grand format par 6 - cacao chocolat<\/title>\n<meta name=\"description\" content=\"Financier au chocolat (poudre de cacao), en format traditionnel. La d\u00e9coration en gru\u00e9 ou \u00e9clats de f\u00e8ve apporte du croquant.\" \/>\n<meta name=\"robots\" content=\"index, follow, max-snippet:-1, max-image-preview:large, max-video-preview:-1\" \/>\n<link rel=\"canonical\" href=\"https:\/\/amandes-et-cie.com\/index.php\/product\/financier-cacao-chocolat-grand-format\/\" \/>\n<meta property=\"og:locale\" content=\"fr_FR\" \/>\n<meta property=\"og:type\" content=\"article\" \/>\n<meta property=\"og:title\" content=\"Financier 100% Cacao grand format par 6 - cacao chocolat\" \/>\n<meta property=\"og:description\" content=\"Financier au chocolat (poudre de cacao), en format traditionnel. La d\u00e9coration en gru\u00e9 ou \u00e9clats de f\u00e8ve apporte du croquant.\" \/>\n<meta property=\"og:url\" content=\"https:\/\/amandes-et-cie.com\/index.php\/product\/financier-cacao-chocolat-grand-format\/\" \/>\n<meta property=\"og:site_name\" content=\"Amandes et Compagnie\" \/>\n<meta property=\"article:modified_time\" content=\"2023-11-27T10:00:05+00:00\" \/>\n<meta property=\"og:image\" content=\"https:\/\/amandes-et-cie.com\/wp-content\/uploads\/2021\/06\/Cacao_standard-scaled.jpg\" \/>\n\t<meta property=\"og:image:width\" content=\"2560\" \/>\n\t<meta property=\"og:image:height\" content=\"2396\" \/>\n\t<meta property=\"og:image:type\" content=\"image\/jpeg\" \/>\n<meta name=\"twitter:card\" content=\"summary_large_image\" \/>\n<meta name=\"twitter:label1\" content=\"Dur\u00e9e de lecture estim\u00e9e\" \/>\n\t<meta name=\"twitter:data1\" content=\"1 minute\" \/>\n<script type=\"application\/ld+json\" class=\"yoast-schema-graph\">{\"@context\":\"https:\/\/schema.org\",\"@graph\":[{\"@type\":\"WebPage\",\"@id\":\"https:\/\/amandes-et-cie.com\/index.php\/product\/financier-cacao-chocolat-grand-format\/\",\"url\":\"https:\/\/amandes-et-cie.com\/index.php\/product\/financier-cacao-chocolat-grand-format\/\",\"name\":\"Financier 100% Cacao grand format par 6 - cacao chocolat\",\"isPartOf\":{\"@id\":\"https:\/\/amandes-et-cie.com\/#website\"},\"datePublished\":\"2021-06-29T10:47:05+00:00\",\"dateModified\":\"2023-11-27T10:00:05+00:00\",\"description\":\"Financier au chocolat (poudre de cacao), en format traditionnel. La d\u00e9coration en gru\u00e9 ou \u00e9clats de f\u00e8ve apporte du croquant.\",\"breadcrumb\":{\"@id\":\"https:\/\/amandes-et-cie.com\/index.php\/product\/financier-cacao-chocolat-grand-format\/#breadcrumb\"},\"inLanguage\":\"fr-FR\",\"potentialAction\":[{\"@type\":\"ReadAction\",\"target\":[\"https:\/\/amandes-et-cie.com\/index.php\/product\/financier-cacao-chocolat-grand-format\/\"]}]},{\"@type\":\"BreadcrumbList\",\"@id\":\"https:\/\/amandes-et-cie.com\/index.php\/product\/financier-cacao-chocolat-grand-format\/#breadcrumb\",\"itemListElement\":[{\"@type\":\"ListItem\",\"position\":1,\"name\":\"Accueil\",\"item\":\"https:\/\/amandes-et-cie.com\/\"},{\"@type\":\"ListItem\",\"position\":2,\"name\":\"e-Boutique\",\"item\":\"https:\/\/amandes-et-cie.com\/index.php\/shop\/\"},{\"@type\":\"ListItem\",\"position\":3,\"name\":\"Financier 100% Cacao grand format par 6\"}]},{\"@type\":\"WebSite\",\"@id\":\"https:\/\/amandes-et-cie.com\/#website\",\"url\":\"https:\/\/amandes-et-cie.com\/\",\"name\":\"Amandes et Compagnie\",\"description\":\"Bienvenue au nouveau labo \u00e0 S\u00e8vres\",\"potentialAction\":[{\"@type\":\"SearchAction\",\"target\":{\"@type\":\"EntryPoint\",\"urlTemplate\":\"https:\/\/amandes-et-cie.com\/?s={search_term_string}\"},\"query-input\":\"required name=search_term_string\"}],\"inLanguage\":\"fr-FR\"}]}<\/script>\n<!-- \/ Yoast SEO plugin. -->","yoast_head_json":{"title":"Financier 100% Cacao grand format par 6 - cacao chocolat","description":"Financier au chocolat (poudre de cacao), en format traditionnel. La d\u00e9coration en gru\u00e9 ou \u00e9clats de f\u00e8ve apporte du croquant.","robots":{"index":"index","follow":"follow","max-snippet":"max-snippet:-1","max-image-preview":"max-image-preview:large","max-video-preview":"max-video-preview:-1"},"canonical":"https:\/\/amandes-et-cie.com\/index.php\/product\/financier-cacao-chocolat-grand-format\/","og_locale":"fr_FR","og_type":"article","og_title":"Financier 100% Cacao grand format par 6 - cacao chocolat","og_description":"Financier au chocolat (poudre de cacao), en format traditionnel. La d\u00e9coration en gru\u00e9 ou \u00e9clats de f\u00e8ve apporte du croquant.","og_url":"https:\/\/amandes-et-cie.com\/index.php\/product\/financier-cacao-chocolat-grand-format\/","og_site_name":"Amandes et Compagnie","article_modified_time":"2023-11-27T10:00:05+00:00","og_image":[{"width":2560,"height":2396,"url":"https:\/\/amandes-et-cie.com\/wp-content\/uploads\/2021\/06\/Cacao_standard-scaled.jpg","type":"image\/jpeg"}],"twitter_card":"summary_large_image","twitter_misc":{"Dur\u00e9e de lecture estim\u00e9e":"1 minute"},"schema":{"@context":"https:\/\/schema.org","@graph":[{"@type":"WebPage","@id":"https:\/\/amandes-et-cie.com\/index.php\/product\/financier-cacao-chocolat-grand-format\/","url":"https:\/\/amandes-et-cie.com\/index.php\/product\/financier-cacao-chocolat-grand-format\/","name":"Financier 100% Cacao grand format par 6 - cacao chocolat","isPartOf":{"@id":"https:\/\/amandes-et-cie.com\/#website"},"datePublished":"2021-06-29T10:47:05+00:00","dateModified":"2023-11-27T10:00:05+00:00","description":"Financier au chocolat (poudre de cacao), en format traditionnel. La d\u00e9coration en gru\u00e9 ou \u00e9clats de f\u00e8ve apporte du croquant.","breadcrumb":{"@id":"https:\/\/amandes-et-cie.com\/index.php\/product\/financier-cacao-chocolat-grand-format\/#breadcrumb"},"inLanguage":"fr-FR","potentialAction":[{"@type":"ReadAction","target":["https:\/\/amandes-et-cie.com\/index.php\/product\/financier-cacao-chocolat-grand-format\/"]}]},{"@type":"BreadcrumbList","@id":"https:\/\/amandes-et-cie.com\/index.php\/product\/financier-cacao-chocolat-grand-format\/#breadcrumb","itemListElement":[{"@type":"ListItem","position":1,"name":"Accueil","item":"https:\/\/amandes-et-cie.com\/"},{"@type":"ListItem","position":2,"name":"e-Boutique","item":"https:\/\/amandes-et-cie.com\/index.php\/shop\/"},{"@type":"ListItem","position":3,"name":"Financier 100% Cacao grand format par 6"}]},{"@type":"WebSite","@id":"https:\/\/amandes-et-cie.com\/#website","url":"https:\/\/amandes-et-cie.com\/","name":"Amandes et Compagnie","description":"Bienvenue au nouveau labo \u00e0 S\u00e8vres","potentialAction":[{"@type":"SearchAction","target":{"@type":"EntryPoint","urlTemplate":"https:\/\/amandes-et-cie.com\/?s={search_term_string}"},"query-input":"required name=search_term_string"}],"inLanguage":"fr-FR"}]}},"_links":{"self":[{"href":"https:\/\/amandes-et-cie.com\/index.php\/wp-json\/wp\/v2\/product\/408","targetHints":{"allow":["GET"]}}],"collection":[{"href":"https:\/\/amandes-et-cie.com\/index.php\/wp-json\/wp\/v2\/product"}],"about":[{"href":"https:\/\/amandes-et-cie.com\/index.php\/wp-json\/wp\/v2\/types\/product"}],"replies":[{"embeddable":true,"href":"https:\/\/amandes-et-cie.com\/index.php\/wp-json\/wp\/v2\/comments?post=408"}],"version-history":[{"count":4,"href":"https:\/\/amandes-et-cie.com\/index.php\/wp-json\/wp\/v2\/product\/408\/revisions"}],"predecessor-version":[{"id":932,"href":"https:\/\/amandes-et-cie.com\/index.php\/wp-json\/wp\/v2\/product\/408\/revisions\/932"}],"wp:featuredmedia":[{"embeddable":true,"href":"https:\/\/amandes-et-cie.com\/index.php\/wp-json\/wp\/v2\/media\/380"}],"wp:attachment":[{"href":"https:\/\/amandes-et-cie.com\/index.php\/wp-json\/wp\/v2\/media?parent=408"}],"wp:term":[{"taxonomy":"product_brand","embeddable":true,"href":"https:\/\/amandes-et-cie.com\/index.php\/wp-json\/wp\/v2\/product_brand?post=408"},{"taxonomy":"product_cat","embeddable":true,"href":"https:\/\/amandes-et-cie.com\/index.php\/wp-json\/wp\/v2\/product_cat?post=408"},{"taxonomy":"product_tag","embeddable":true,"href":"https:\/\/amandes-et-cie.com\/index.php\/wp-json\/wp\/v2\/product_tag?post=408"}],"curies":[{"name":"wp","href":"https:\/\/api.w.org\/{rel}","templated":true}]}}